ate -62 - (-125 + 39 - -29).
-5
What is 6 - 24 - -10 - (1 - -18)?
-27
Calculate 12 + -14 + 64 + (-29 - -10) + 10.
53
Calculate (2 - (27 + -68)) + (-6 - -33).
70
-1 + (21 - (1 - (7 - -1)))
27
Evaluate (526 - 519) + 19 + 0 - 28.
-2
What is the value of (-84 - -122) + -39 + 74?
73
What is the value of 3 + -3 + (7 - (63 + -47))?
-9
What is the value of (4 - 3 - ((14 - 15) + 12)) + 32 + 2?
24
Evaluate (1 - (8 - 1)) + (-13 - 0) + (2183 - 2114).
50
What is -15 + 8 + -49 + (-298 - -338)?
-16
Calculate 37 + 0 + (-6085 - -6013).
-35
What is (-382 - -438) + -3 + (10 - 3)?
60
What is (9 - (4 - -1)) + (-2 + 5 - -54) + -4?
57
What is the value of 4 + 86 + (28 - 17) + -14 + -6?
81
What is 17 + -5 + 0 + 20 + -35 + -44?
-47
Evaluate -19 - (47 + (13 - (16 + -35 + 19))).
-79
Evaluate (31 - 36) + -2 + (-19 - (-6 - -2)).
-22
What is -2 + 1 + 11 + (-50 - -12) + 23?
-5
Evaluate -2 - (-18 - 8) - 17 - (-1 - 1 - -1).
8
Calculate -3 + 9 - ((-3 - 72) + 86).
-5
What is -1 + (-4 + -15 + 11 + -3 - -15) + 3?
6
What is -14 - (-111 + 65 - (3 + 28))?
63
Calculate 42 + -37 + -13 - -38.
30
What is the value of (1212 - 1155) + 0 + 1 + (-11 - (-7 - -3))?
51
Evaluate 1 + (2 - 45) + 6 + 0.
-36
What is the value of ((27 + -17 - -5) + 0 - 9) + (-13 - -1)?
-6
What is the value of -6 + -74 + 36 + 39?
-5
Calculate -3 + 1 + 0 - ((-35 - -38) + -6).
1
What is the value of -16 + (17 - 11) + -42 - -15?
-37
What is (-80 - (12 + 0 + -212 + 213)) + 2 + 5?
-86
Evaluate 70 - (169 + -118) - (3 - 23).
39
Calculate -5 - 48 - (-291 - -277).
-39
Calculate (11 - (12 + -8)) + (603 - 560).
50
29 - (71 + -126 - -43)
41
What is the value of (-4 - -8 - (55 + -5 - 8)) + -13?
-51
What is 8 + 11 - (100 - 54)?
-27
Evaluate (5 - (-52 - (5 - 7))) + -18 + (31 - 21).
47
Calculate 5 + -2 + 65 + -83 + 0 + 8 + 8.
1
Calculate (-8 - (15 + (24 - 12 - 23))) + 91 + -6.
73
128 + 31 + -100 + -4 + -26
29
What is 1099 + -980 + -37 + -2 + -2?
78
What is the value of 15 - (-12 + -2 + 1 + -1)?
29
What is (-45 - 12 - -50) + -13?
-20
What is the value of 47 - 157 - (-29 + 3 - 3)?
-81
Calculate -64 + (-13 - ((8 - -13) + -58)) - -12.
-28
-59 - ((58 - (18 + 14)) + -54)
-31
What is (19 + 17 - (40 - 15)) + 7?
18
Evaluate 13 - 0 - (98 - 126) - (4 - -7).
30
(50 - 48) + -41 + 14
-25
What is (-13 - -2 - (3 + 4 + -4)) + (-3605 - -3655)?
36
What is 0 - 60 - (-31 - 35 - -22 - -59)?
-75
What is the value of -74 + -158 + 115 - -199?
82
What is the value of -3 + 5 + -6 - (-125 - -105)?
16
186 + 46 + -210 + 67
89
What is the value of (-48 - -156 - 115) + 27?
20
Calculate 5 - 55 - (16 + -23 + 6 + 6).
-55
What is the value of 101 - (-85 - (16 - 78 - -24))?
148
What is (-13 - 0) + -2 + 8 - -20?
13
What is 83 - (2 + 1 + 6 - (55 + -65))?
64
What is -44 + ((-15 - -57) + -80 - -26)?
-56
Evaluate -7 - 1 - (-10 - (36 - 58)) - -10.
-10
Evaluate -687 + 606 - (-99 + 0).
18
Calculate -2 - (42 - (-1 + 95)).
50
What is the value of 0 + 101 - ((37 + -25 - -38) + -54)?
105
What is 5 + 12 + -109 + 100 + 30?
38
What is the value of -222 - -220 - (78 - 1 - (-3 - (-6 + 6)))?
-82
What is -5 + (51 - 10) - (279 + -272)?
29
-49 + 78 + -6 + -4 + 10 + -18
11
What is the value of 10 - (52 - 6 - -2)?
-38
What is (-98 - -54) + (63 - -12)?
31
Evaluate 45 + (83 - 0 - 66).
62
(-6 - -6 - (-2 + -53)) + (43 - 53)
45
Calculate (12 - 3) + -5 - (-2 - (9 - 4)).
11
Calculate 1 + -61 - (1 + -6 + 1) - (-348 - -347).
-55
Calculate 2 + 4 - (32 - 33 - (-6 - 1 - -1)).
1
What is the value of 16 + (836 + -835 - (-38 - 1))?
56
46 + -26 + 24 + -29
15
Calculate 37 - 50 - ((2 - (7 - 0)) + -45).
37
Calculate (-13 - (30 - (15 - -24))) + 20.
16
What is the value of 21 - ((-35 - -11) + 103 + -17)?
-41
What is -5 - (2 - 7 - -21) - (589 + -591)?
-19
-34 + (-22 - -26) + 11 - 34
-53
Calculate 10 - -2 - (-97 + 35 + 13).
61
Evaluate -13 - 6 - -10 - (-26 - -6).
11
14 + -22 + (-3 - 1) + 251 + -307
-68
Calculate 79 + (11 + -41 - 0) - 12.
37
93 - 2 - 56 - -26
61
What is -26 - (23 + -97 - 2)?
50
What is 6 - 12 - 0 - 8 - -84?
70
Calculate -67 - (-112 - (-64 - 39)).
-58
(-6 - 27) + -12 - -82
37
What is -24 + 15 + -12 - (1 + 12)?
-34
Evaluate 8 + 1 + (-59 - -23 - 7).
-34
What is (-1 - (4 - 6)) + (-1 - -18 - (323 - 254))?
-51
Evaluate (9 + -9 + 10 + 33 - 15) + -1.
27
What is the value of 50 + -27 - (19 - (4 + 5))?
13
-1 + -1 + 0 + (0 - 52) + 227 + -227
-54
(-16 + 41 - (-1 + -2)) + 25 + -2 + 0
51
Calculate -3 + 94 + -244 + 69.
-84
-14 + 31 + -14 + (7 + -4 - 1) - -27
32
Calculate (-37 + -3 - -54) + -15.
-1
What is the value of -46 + 31 + -101 + (17 - (16 - 15))?
-100
What is the value of -339 + 352 - (-29 + 18)?
24
Evaluate (35 - 32) + (-22 + 12 + 1 - -121).
115
Evaluate 0 - -49 - (38 - (-1 - (0 + -28))).
38
What is (119 + 9 - -80) + -102?
106
Evaluate -49 - (17 + -4) - 33.
-95
What is the value of -23 - (15 - (41 + -57))?
-54
(43 - (5 + 30)) + -7 + 4 + (-1 - -5)
9
-14 - (-8 - (-17 - 1) - 23) - -46
45
What is 10 + -17 + (13 - -8) - 5?
9
What is the value of -2 + -51 + (-13 - (-156 - -170))?
-80
Evaluate (32 - 7) + (-373 - -338).
-10
What is 5 - (-3 + 5) - ((0 - (24 + -5)) + 7)?
15
Evaluate 28 - (33 - 60) - ((9 - 3) + (-4 - -1)).
52
Calculate -10 - ((7 - (12 - 24)) + -21).
-8
What is the value of 55 - (29 + (-109 - -68))?
67
Evaluate (-71 - -11) + 0 - (146 + -146).
-60
What is (1526 - 1573) + -2 + 1 + 0 + (-4 - -4)?
-48
What is (-23 - (-51 + 56)) + 22?
-6
Calculate 2 + (11 + (-3 - -6 - -2) - 6 - 18).
-6
Evaluate 14 - (-15 + (66 - 17)).
-20
Evaluate (-37 - 3) + (72 - (-130 - -76)).
86
53 - (11 - 5 - ((10 - 3) + 0 + 0))
54
Calculate -27 - ((4 - -51) + -77).
-5
What is 1 + -1 + 1 + 9 + -74 + 43 - -9?
-12
What is 1 + -2 - (20 + -50 + 29)?
0
Calculate 1 + 23 - (4331 + -4316).
9
Calculate -35 + 39 - -12 - (47 + -3).
-28
Evaluate (3 + -19 + 0 - -36) + 18.
38
-34 - 0 - (752 - 764) - 40
-62
What is the value of 47 + -46 + 6 + -13?
-6
Calculate 26 + (-26 - -42) + -43.
-1
-355 + 194 - (-40 + -45)
-76
What is the value of (27 - 26) + 0 + 8 + 11?
20
What is the value of (958 - 1197) + (143 - 7)?
-103
What is -25 - ((3 - -6) + (-9 - (-28 + 16)))?
-37
Calculate 0 - (-6 + 19) - (-104 - (9 - (37 + -22))).
85
Evaluate 364 + -261 + -124 + -5.
-26
What is -18 - (3 + 11 + (-97 - -97))?
-32
(37 - 219) + 193 + 1 + -31
-19
Evaluate 24 - -6 - 10 - (-6 + (46 - -2)).
-22
Evaluate 64 - -50 - 95 - (58 + -1).
-38
What is -6 + 1 + -2 + (19 + -4 - 62)?
-54
What is (1758 - 1756) + (4 - (-73 + -2))?
81
-62 + 84 + 14 - 109
-73
What is the value of -76 - (23 - (91 - 44))?
-52
What is the value of (15 - (-10 + (3 - -33))) + (1 - (-1 - -3))?
-12
Calculate (96 - 53 - 54) + -34.
-45
Calculate (-16 - -168 - 101) + -87.
-36
Evaluate -9 + (-87 - -63 - (-3 - (-2 + (5 - 0)))).
-27
Calculate -26 + 12 - (19 + 20 + -18).
-35
What is the value of 59 - (52 - (63 + -10 - 27))?
33
What is (-15 - 20) + (33 + -24 - 19)?
-45
Calculate -11 + (5 - 7 - 1) + (31 - 13) + 68.
72
Evaluate 7 + (-13 - -11 - -1) + -2 + 6.
10
What is the value of -26 + (3 - -3) - (-51 + 127 + -90)?
-6
What is 73 + -12 + -3 - (0 - 35)?
93
What is the value of (63 - 0) + (-1 - (2 + -4) - (-19 + 24))?
59
17487 - 17542 - (9 + (2 - (0 + 3) - 0))
-63
Evaluate -35 + (29 + -54 - -30 - 15).
-45
Calculate (-2 - 5 - (-4 + -2)) + 45 + (-9 - -16).
51
Evaluate 8490 + -8607 + 81 + -1.
-37
(-27 + 25 - 12) + -4 + 34
16
71 + -2 + 62 + -53 + -21 + 1
58
2 + -50 - (22 - (14 + 10))
-46
100 - (-121 + 53) - 45
123
-931 + 930 + 8 + -6
1
Evaluate (-225 - -191) + -30 - (-26 + 0).
-38
502 - 405 - (5 - -49)
43
(8 + -15 - -17) + -37 + 1
-26
What is 3 - 3 - -2 - (10 + -5 + -7)?
4
What is the value of 17 + (12 - (26 + -22)) + -13?
12
Evaluate -33 + (0 + 15 - 3) - (11 + -32).
0
Calculate -7 + (24 - 25 - (3 + -15)) + -18.
-14
What is 3 + -85 + 6 + 9 + (17 - 21)?
-71
What is (-11 + 14 - (-10 - -17)) + -13?
-17
What is 10 + 1 + (0 - (-11 + -33 + 13))?
42
Calculate (9 - -11) + 2 - (-28 - -103).
-53
(-2 - -1) + -58 + 36 + -19
-42
98 - (20 + 1 - (155 + -159))
73
20 + (-27 - -35 - (85 - 11))
-46
What is the value of -43 - (30 - 24 - 1)?
-48
Calculate 176 - 158 - (-1 - 33 - 1).
53
Evaluate 0 + 2 + (-17 - (-41 + (1 - 32))).
57
39 + -74 - (-39 - 15)
19
What is 997 - 1063 - (-59 - 7)?
0
What is the value of 0 + -17 + (39 - (-21 - -79))?
-36
What is the value of 83 - -30 - 177 - -129?
65
Evaluate -53 + -31 + -6 + 54.
-36
-28 + -4 + (29 - 32)
-